-5*j. Suppose -2*l - 4*w = -6*l - 4, -5*l = -4*w + 6. Is (-3 + 5)/(l/j) a composite number?
False
Let l(q) = -q**3 - 11*q**2 + 10*q + 24. Let k = 170 + -189. Is l(k) prime?
False
Suppose 104 = 86*f - 84*f. Let a = 62 - f. Suppose a*h = 2*h + 11192. Is h a composite number?
False
Suppose 14*x - 17*x - 6 = 0. Let o be x/(-6)*(13 + 68). Is 5151/o - (-18)/81 a composite number?
False
Suppose 5*s - 8*z + 4*z + 20 = 0, -z = 3*s + 12. Let p(d) = -65*d + 7. Is p(s) a composite number?
True
Let q = -2684 - -852. Let w = -945 - q. Is w composite?
False
Let c be 135/25 + (-8)/20 + 5956. Suppose u + b = 5957, -u - 4*b + 2*b + c = 0. Is u a prime number?
True
Let x be 3/(1172/1174 + -1). Let l = 6924 + x. Is l a composite number?
True
Suppose -2*u - 3912 = -14*u. Suppose -2*b - t = 2*t - 1402, 5*t = 0. Suppose 13*r - u = b. Is r prime?
True
Suppose 3*g - 15 = 0, -3*g = 7*h - 11*h + 529893. Is h a prime number?
False
Suppose -104*d = -24*d - 10886960. Is d composite?
True
Suppose -h + 75 = 4*q - 9*q, 5*h - q = 279. Is -3 + h/15 + (-131762)/(-6) composite?
False
Suppose 4*s = -4*t + 230036, 2*s + 4 = 16. Is t prime?
True
Let h(q) = 116*q**2 - 19*q**2 + 335*q**2 + 23 + 57 + 15*q. Is h(-7) a composite number?
False
Let h(w) = -w**3 - w. Let q(n) = -7*n**3 - n**2 - 6*n + 5. Let g(v) = 4*h(v) - q(v). Let y be 1 - 18/(30/(-5)). Is g(y) prime?
True
Let u = 124 - 144. Is 8/u - (1054/(-10) + -1) composite?
True
Let x(s) = -s - 15. Let y be x(-22). Suppose -y*c - 40266 = -25*c. Is c a composite number?
False
Suppose g - 8234 + 29093 = -q, -5*q + 5*g = 104275. Is (-21)/9*(7 - (-9 - q)) composite?
True
Suppose -3354 = -9*g + 7482. Suppose -2*x + 970 = -2*m, -m = 3*x - 235 - g. Is x a composite number?
True
Suppose 3*b = o - 0*o - 1, 59 = 3*o + 5*b. Let d = -8 + o. Suppose k = -k + d*q + 161, 4*q = k - 79. Is k a composite number?
False
Is 3/(-45)*3*-88685*(2 + 41) prime?
False
Let l(u) = 3*u + 8. Let b be ((-1)/((-2)/4))/((-7)/(-49)). Let x be l(b). Suppose 4*w - 182 = x. Is w composite?
True
Let i(a) = 28*a - 3*a - 5*a + 51*a**2 + 28. Is i(9) a composite number?
False
Let j = 1371720 + -731501. Is j a composite number?
False
Suppose 0*m + 356 = 2*m. Let p(x) = -x**3 + 3*x**2 + 3*x + 8. Let f be p(4). Suppose 5*g = -f*j + 174 + m, -5*j = -3*g - 403. Is j a prime number?
True
Suppose 69*j - 19*j = 10150. Is j prime?
False
Suppose 0*k + 15 = 3*k. Suppose 8 = -4*n, -5 = -f + k*n + 23. Is (-69)/f*-3*4/1 composite?
True
Suppose -1449 + 7754 = -5*n. Is -2 - (2 - 4) - n a prime number?
False
Let b be 13/(-26) - 13/(-2). Suppose -b*a - 57 = 3. Is 212 + 2/a*-5 a prime number?
False
Suppose -q = -2*p + 113037, 2*p + 5*q = 3*p - 56532. Is p a prime number?
False
Let s(c) = -c**2. Let y(n) = 6*n**3 + 10*n**2 + 4*n + 8. Let j(f) = 3*s(f) + y(f). Let p be j(-10). Let m = p + 9273. Is m prime?
False
Suppose -3*h - 13*p + 10*p - 153999 = 0, -4*p = 2*h + 102658. Is h/(-77) - (-4)/14 a composite number?
True
Let x be (-2524555)/(-77) - 12/28. Suppose 0 = -4*i + x + 362. Is i composite?
False
Let s = -271500 - -405895. Is s prime?
False
Suppose -f - 24 = -3*f. Is 35274/f + (-1)/2 composite?
False
Suppose 3*m + 3*u + 15 = 0, 5*u = 44*m - 43*m - 25. Is -1*(-31042 - (m - 3)) a prime number?
True
Let b(q) = 2*q - 36. Let c be b(20). Suppose -m + 2*y - 5 = -0*m, -y + 25 = c*m. Is (673/m)/(29/145) prime?
True
Let i = 4322 - -98393. Is i a composite number?
True
Let y = -28 - -30. Suppose 0 = c - 5*r - 4988, -y*c - c = 5*r - 14864. Is c a composite number?
True
Let z(s) = 12953*s**2 + 40*s - 7. Is z(4) a prime number?
True
Suppose -4*s - 155363 = -r, 0 = 3*s + 14 - 20. Is r prime?
True
Is (-468308)/(-2) - (-23 - -10) composite?
False
Suppose 695*x - 61270 = 685*x. Is x composite?
True
Let q(u) be the second derivative of -17*u**4/12 + 2*u**2 - 4*u. Let r be q(-2). Let k = 867 + r. Is k a prime number?
False
Let l(i) = -22998*i + 95. Is l(-2) a composite number?
False
Let u = 102046 - 66683. Is u prime?
True
Let g(h) = 191*h + 49. Let t be g(20). Suppose w - 3 = 0, -5*w = s - 5*s + t. Is s a composite number?
False
Let z = 19748 - 12258. Let d = z - -7697. Is d prime?
True
Suppose 3*a = n - 966 - 518, -3*n + 4466 = -2*a. Let h = 10017 - n. Is h prime?
True
Let y(w) = -2 - 16*w**2 + 12 + 40*w**2 - 59 + 6*w. Is y(-15) a composite number?
False
Let p(x) = 2204*x + 191. Let n be p(20). Let q = n - 17086. Is q a composite number?
True
Suppose -2*u + 6*u = -5*y + 5, 20 = y - 3*u. Suppose 0 = -4*l + 2*w - 605 - 2169, y*l + w + 3457 = 0. Let r = -445 - l. Is r a composite number?
True
Let d = 1269 - -34. Let x = -1201 + 344. Let t = x + d. Is t a composite number?
True
Let n = 1566 - 593. Suppose -n = -h - f + 1995, h = -3*f + 2978. Is h a composite number?
False
Suppose -246680 = -10*k - 10*k. Suppose -5*s = b + k, 5*s - 18489 - 18453 = 3*b. Let y = 17756 + b. Is y a prime number?
True
Let o = -38 - -42. Let y(z) = z**2 - 2*z - 5. Let u be y(o). Suppose 4*g = 3*t + 1697, 2*g - t = -u*t + 838. Is g a composite number?
True
Suppose 19776 + 5496 = y. Let t = y - 17219. Is t prime?
True
Suppose 611912 = 5*x + o, -x + 5*o - 489559 = -5*x. Is x a prime number?
False
Let o = -47676 - -91479. Let t = o + -15752. Is t prime?
True
Suppose -6*p + 9*p = s + 2, 2*s = p - 4. Suppose -m + 35*d - 32*d + 36071 = p, -2*m + 2*d + 72142 = 0. Is m a prime number?
False
Suppose -2*a + 4*b = -6212, -1183 = -5*a - 3*b + 14308. Suppose -4*t + t - r = -a, 4*t - 4140 = -3*r. Is ((-11)/4)/((-6)/t) a prime number?
False
Let g = -180 - -179. Is ((-30925)/15 + -4)/(g/3) composite?
False
Let o = -938329 - -2260686. Is o prime?
True
Let r be 11/3 - (-40)/(-60). Suppose 0 = 5*h - n - 68246, 2*h + r*h - 68240 = -5*n. Is h composite?
False
Suppose 104 + 148 = 18*m. Let s be -46*(3 + m/(-4)). Suppose 4*b + 4*x + s - 355 = 0, -2*b + 162 = x. Is b a prime number?
True
Let m = 2878 + 739. Suppose -10*r - m + 14287 = 0. Is r a composite number?
True
Let j(n) = -2*n**3 + 6*n**2 - 17*n - 3. Let v be j(8). Let i = 14438 - v. Is i prime?
True
Is (8/(-14))/(-4) + 370080/21 a prime number?
True
Let u be (1 - 1)/((-1)/1) - 6. Let s(m) = -4*m**3 - 6*m**2 + 10*m + 9. Let l be s(u). Let p = l - 383. Is p a prime number?
False
Let b = 236296 + -87867. Is b a prime number?
True
Suppose 705588 = -79*j + 3694480 + 1788159. Is j composite?
True
Let h = 469085 + -274732. Is h prime?
True
Suppose 7061*u = 7040*u + 84048 - 741. Is u a prime number?
True
Let i(w) = -5*w**3 - 19*w**2 - 38*w - 2. Let j be i(-6). Let h = 387 + j. Is h a prime number?
True
Suppose -3*q + 3*j = 2*j - 765943, q - 255317 = j. Is q a prime number?
True
Is (-8)/(560/(-445335)) - 2/(-28) prime?
False
Let n be 84/8*(-3 - -17). Suppose 0 = -o - 2*h + n, o - 90 - 45 = 4*h. Is o a composite number?
True
Let c(v) be the second derivative of 8*v**3/3 - 3*v**2 + 19*v. Let l be c(1). Suppose -l = 2*g, -292 = -5*p - g + 433. Is p a prime number?
False
Let f(x) = 221*x - 14. Let n be f(5). Suppose 0 = r - 3*i - 2152, -3225 = -2*r + 2*i + n. Is r a prime number?
True
Let v(u) = -404*u - 221. Suppose 15 = -k + 5*o - 2*o, 2*k + 52 = -5*o. Is v(k) a composite number?
False
Let m(d) be the first derivative of -153*d**4/2 - d**3/3 + d**2 + 2*d + 22. Suppose -5*u - 7 = h, 5*u = -0*u - 5*h - 15. Is m(u) a composite number?
True
Suppose -5*l + 1558516 = -l - b, 2*l + 5*b - 779258 = 0. Is l prime?
True
Suppose 0 = 7*p + 2*p + 117. Let f(q) = 136*q + 11. Let u be f(p). Is (-2)/3 - (u/3 + -1) a prime number?
False
Let o be (15209/(-2))/(-1) - (-4)/(-8). Let f be (-28)/14 + 2 + o. Suppose 83*c - f = 79*c. Is c prime?
True
Suppose 4*p - 3*p = 2. Let t(v) = -7*v**p + 8*v - 3*v**3 + 7*v**3 - 7*v**3 - 11. Is t(-7) composite?
False
Suppose -2*n - 42 = u, 7*u - 12*u = 3*n + 63. Let c(r) = r**3 + 53*r**2 + 8*r - 85. Is c(n) a prime number?
True
Let l = -1498 + 1507. Suppose 5*k - 136 = 2*a, 6*a + 5*k = a - 410. Is (381/l)/((-2)/a) a composite number?
True
Let p be (-356)/(-22)*-1 + (-8)/(-44). Is 20642*((-56)/p + 3*-1) prime?
True
Let r = -67331 - -418924. Is r a prime number?
False
Suppose -136*d + 498*d = -9484649 + 34929267. Is d prime?
True
Let r(f) = 34*f**2 + 172*f + 959. Is r(-115) prime?
False
Suppose 148*j - 2545399 + 732843 = 0. Is j composite?
True
Let x(w) = 5*w**3 - 253*w**2 - 190*w + 125. Is x(78) 